**3 - 6*u**3 + 17*u**3 - 8*u**3. Give b(2).
-8
Let c(q) = -q**3 - q**2 - 2*q + 91. Let d be c(0). Let s = 106 - d. Suppose -3*o = z - 3 - s, -o + 4*z - 7 = 0. Let w(k) = -k**3 + 4*k**2 + 4*k - 3. Give w(o).
-8
Let y(l) = -22*l**2 - 6*l - 13. Let h(u) = 7*u**2 + 2*u + 4. Suppose 9*q + 16 = 12*q - 5*n, 5*q + 4*n - 39 = 0. Let w(f) = q*h(f) + 2*y(f). Determine w(-2).
18
Let c(q) = -q**3 - q**2 + q. Let b(m) = -4*m**3 - 11*m**2 + 8*m + 2. Let a be -7 + (-42)/(-7) + 6. Let w(o) = a*c(o) - b(o). Calculate w(5).
8
Let b(i) = -3*i + 7. Let g(y) = 19*y - 40. Let n(w) = 39*b(w) + 6*g(w). Determine n(14).
-9
Let a(j) = -13*j**2 + j - 1. Let x be ((-418)/152)/((-1)/(-104)). Let b = 287 + x. Give a(b).
-13
Let q = 185 + -177. Let f(o) = -o**2 + 10*o - 6 - 10*o + 8*o. Calculate f(q).
-6
Let x be (2 - 5)/3*-56. Suppose -48 = -x*y + 50*y. Let l(j) = -1 + y - 3 + 6*j - 7. What is l(-3)?
-21
Suppose -5*c = -p - 2*c - 11, -2*p = -4*c + 20. Let b(g) be the third derivative of g**5/60 + 3*g**4/8 - g**3/3 + 2*g**2. Determine b(p).
-10
Let n(h) = -h**3 + 2*h**2 + 2. Let i = 442 - 424. Let v(j) = j**3 - 16*j**2 - 37*j + 22. Let x be v(i). Calculate n(x).
-30
Let w be 4/12 + 4 + 20/(-6). Let q = w - -5. Suppose -2*y + 27 = -3*x, -4*y - x + q = -13. Let g(j) = j - 1. Give g(y).
5
Let x(k) be the third derivative of -k**6/120 - k**5/3 - k**4/12 - 5*k**3 + 91*k**2. Let p be x(-20). Let h(i) = i**2 - 11*i + 15. What is h(p)?
5
Let l(y) = y**3 - 7*y**2 - 8*y - 8. Let t(w) = -191 + 26*w + 590 - 217 - 226. Let o be t(2). Calculate l(o).
-8
Let t(u) = -u. Let d(v) = v**2 + 15*v + 33. Let q be d(-12). Let g(p) = 2*p**2 + p - 14. Let m be g(q). What is t(m)?
-1
Let v(s) = 0*s**2 - 9 + 2*s**2 + 71*s - 8*s**2 - 81*s + 8*s**2. Give v(6).
3
Let f(n) = -2*n + 9. Let g(m) = -5*m + 25. Let v(u) = 8*f(u) - 3*g(u). Let p be v(-3). Let r(d) = d - 46. Determine r(p).
-46
Let o be (-1)/(((-63)/(-18))/(-7)). Let u(j) be the first derivative of -4*j**3/3 + j**2 + 2*j - 4. What is u(o)?
-10
Let l(r) = -4*r + 5. Suppose 4*u - 104 = -3*a, -u + 24 = 2*a - 2. Let f = 32 - u. Calculate l(f).
-19
Let w(j) = 467*j - 14 + 507*j - 975*j. Determine w(-2).
-12
Let t(y) = 6*y + 28. Let k be t(-13). Let x be k/(-12) - (-2)/(-12). Let i(m) = 6*m + 2. Let u(n) = 7*n + 3. Let h(s) = 6*i(s) - 5*u(s). Calculate h(x).
1
Suppose 5*j + 2*j - 35 = 0. Let m be 392/35 + 4/j. Let n(s) = 27*s + 9 - 24*s + s**2 - m*s. What is n(7)?
-5
Let i(s) = -2*s + 1. Let q be i(-11). Suppose 2*o - 29 = -p, -2*p = 5*o - 71 - 1. Suppose 0 = -o*d + 65 - q. Let f(k) = k**3 - 2*k**2 - k + 3. Determine f(d).
9
Let r(u) = -551*u**2 - u**3 + 1135*u**2 - 578*u**2 - 3 + 10*u. What is r(6)?
57
Let f(k) be the first derivative of -29*k**2/2 + 2*k - 1804. Calculate f(-1).
31
Let q be ((-14)/(-21))/(((-14)/(-39))/(-7)). Let s(k) = -k**2 - 15*k - 21. What is s(q)?
5
Let k(f) be the second derivative of 0 + 0*f**4 + 1/6*f**3 - 1/2*f**2 - 1/20*f**5 + 40*f. Calculate k(0).
-1
Let t(i) = -3*i + 2. Suppose 48*s - 8 = 46*s. Suppose s*c - 10*c = 30. Let g(b) = 4*b - 3. Let p(m) = c*t(m) - 4*g(m). Calculate p(3).
-1
Suppose 12 = 4*p, -3*k - 2*p = -5*p - 36. Let t(x) = -x**2 + 16*x + 20. Calculate t(k).
35
Let p be (-65961)/(-7) + -7 + 1. Let w(o) = -o**3 + 0*o**2 - 5*o**2 - p + 9414 - 6*o. Determine w(-4).
5
Let w(a) = 2*a**3 - a**2 - 3*a. Let u(p) = 6*p - 6. Let v be u(-10). Let r = v + 72. Let b(x) = x**3 - 2*x. Let o(n) = r*w(n) - 11*b(n). What is o(5)?
-5
Let t(w) be the third derivative of w**6/60 + 2*w**5/5 + w**4 + 11*w**3/6 + 1869*w**2. Give t(-11).
-11
Let c(s) = -6 + 1300*s - 2563*s + s**2 + 1278*s. Calculate c(-14).
-20
Let v(w) be the first derivative of 11*w**2/2 - 41*w + 5744. What is v(6)?
25
Suppose -319 = -38*h + 67*h. Let l(k) = -2 + 0 + k + 8 + 0. Calculate l(h).
-5
Let h(g) be the second derivative of 3*g**3/2 - 27*g**2/2 - g - 628. Calculate h(5).
18
Suppose 11*r - 5 = 10*r. Suppose -3*o + 5 = -r*a - 7, -20 = -5*o - 2*a. Let h be -15*o/18*6/4. Let q(i) = -i + 6. What is q(h)?
11
Let y(b) = -b**3 - b**2 - 3*b. Suppose -62*q - 70 = -97*q. Give y(q).
-18
Let k(x) = -8 - x - 147*x**2 - 29*x**2 + 177*x**2. Calculate k(7).
34
Suppose -23*k + 22*k + 80 = 0. Let b = 78 - k. Let r(s) = -7*s + 2. Let w(c) = 8*c - 3. Let n(g) = 6*r(g) + 5*w(g). Determine n(b).
1
Let z(n) be the second derivative of 3/2*n**2 + 1/20*n**5 - 4*n + 0 - 1/12*n**4 - 2/3*n**3. Let y = -15 + 17. Determine z(y).
-1
Let q(l) = l**3 - 4*l**2 - 30*l - 1. Let g(m) = m**2 - 2*m - 187. Let d be g(-13). Give q(d).
15
Let l(x) = x + 13. Let m = 51 - 51. Suppose -18*w - 21 - 51 = m. Let u be 46/w + 24/16. Determine l(u).
3
Let m(j) be the third derivative of -j**5/60 - j**4/6 + 25*j**3/6 - 3*j**2 - 24*j. Give m(-7).
4
Let r be (-26 - -29) + -5 - (9 + -1). Let a(z) = z**2 + 10*z + 13. What is a(r)?
13
Suppose 3*d - 5*p - 27 - 3 = 0, -2*p = 3*d - 9. Let o(j) = -4*j**3 + 3*j**3 + d*j**2 + 15 - 6 - 5. What is o(5)?
4
Let q(c) be the third derivative of -c**5/60 + 3*c**4/8 - 5*c**3/3 - 4*c**2. Let x = 161 + -170. Let w = x + 17. What is q(w)?
-2
Let w = -7 + 31. Suppose -j + o = 2*j - 16, o = -5*j + w. Suppose 7*x - j*x = 8. Let l(f) = f**2 - 3*f + 2. Determine l(x).
6
Suppose -47*i + 52*i = -5*u + 20, 0 = -i - 5*u. Let n(k) = -3*k - 1 - 2*k**3 + 4 + 3*k**3 + 0*k**2 - 3*k**2. Determine n(i).
38
Let c(q) = -q**3 + 8*q**2 - q + 6. Let m be c(8). Let u(a) be the third derivative of -a**4/12 - a**3/3 - 3*a**2 + 39. What is u(m)?
2
Suppose -5*w - 5 = p, -2*p = w + 4*w + 10. Let m(l) = l + w*l**2 + l**2 - 6*l + 6*l. Let t be (-42)/(-49)*(-7)/(-2). What is m(t)?
12
Let a(k) = -k**2 - 4*k + 8. Let r be a(-6). Let u = 249 - 160. Let f(l) = 173*l - u*l - 89*l - 3. Calculate f(r).
17
Let i(h) = 19*h + 157. Let v be i(-9). Let r(u) = u**2 + 12*u - 22. Determine r(v).
6
Let m(d) be the second derivative of d**4/12 - 25*d**3/6 - 57*d**2 - 2023*d. What is m(29)?
2
Let a = 145 + -149. Let j be -2 + -9 + 11 + a. Let i(z) = z**3 + 6*z**2 + 4*z - 4. Give i(j).
12
Let d(i) be the first derivative of -i**5/60 + i**4/24 + 10*i**3/3 - 15*i**2/2 + 14. Let l(f) be the third derivative of d(f). Determine l(-5).
11
Let j be (-18)/((-36)/14) + 0. Let u(t) = t**3 - 11*t**2 + 17*t - 7. Give u(j).
-84
Let i(r) = 66*r**3 + 2*r**2 + 3*r + 2. Let c be 1/(-4) - 3/4. Calculate i(c).
-65
Let s = -53 + 62. Let o = s - -3. Suppose 10*l = 4*l - o. Let f(z) = z**3 - z**2 - 3*z - 2. Determine f(l).
-8
Let r = -57 - -61. Suppose -3*s - 3*k = -3, r*s - 9 - 4 = 5*k. Suppose -4*w = 2*d + 12, -s*w + 8 = 4. Let l(g) = -g - 5. Determine l(d).
5
Let z(g) = 4*g + 133. Let p(h) = 9*h + 274. Let n(d) = -6*p(d) + 11*z(d). Determine n(-20).
19
Let w(f) be the third derivative of f**6/120 + 2*f**5/15 + 7*f**4/24 + f**3/3 + f**2. Suppose -44 = 11*b - 55. Let p be (14 - 0)/(2/(-1)*b). What is w(p)?
2
Let t(g) = 4*g - 4*g**2 + 3*g**2 + 0*g**3 - g**3. Let y be (-2)/14 + (1124/28 - 37). Calculate t(y).
-24
Let j(s) be the second derivative of 0 + 3/2*s**2 - 70*s - 1/6*s**3. Let n be (-23)/4 - (-2)/(-8). What is j(n)?
9
Suppose 6*r + 120 = 30*r. Let n(u) = -11*u - 7 - 2*u + r*u + 2. What is n(-2)?
11
Let g(a) be the first derivative of a**4/4 + a**3/3 - 7*a**2/2 + 6*a - 929. Give g(2).
4
Let z(y) = 5*y**3 - y**2 + y. Let d(c) = 29*c**3 - 9*c**2 + 8*c + 4. Let i(b) = -d(b) + 6*z(b). Suppose -1 = 4*r - 5. Let a = -4 + r. Calculate i(a).
2
Suppose -8*i + 13*i - 5 = 0. Suppose c - 8 = -3*n, -4*c + 20 - 2 = 5*n. Let h(s) = 0*s - 10*s**n - 1 + s + 6*s**2 + 5*s**2. Calculate h(i).
1
Let u(h) be the first derivative of h**6/120 - h**5/10 - 2*h**3/3 + 17*h**2 + 6*h + 257. Let w(a) be the second derivative of u(a). Determine w(6).
-4
Let m(f) = -17*f**3 - 339*f**2 - 317*f - 299. Let h(d) = -11*d**3 - 225*d**2 - 211*d - 200. Let r(a) = 11*h(a) - 7*m(a). Give r(-50).
-7
Let u(x) = x**2 + 34*x - 933. Let y be u(18). Let l(c) = -6*c**2 + 4*c + 2. Give l(y).
-40
Let l(n) = n**3 - 4*n**2 - 3*n + 5. Suppose -10*i = -104 + 54. Suppose -2*v - 13 + 61 = 0. Suppose v = i*r + 4*b, 5*r - 10 = -2*b + 12. Determine l(r).
-7
Suppose 0 = -27*i + 7*i + 380. Suppose -2*d - i = 3*n + 3*d, 4*n - 2*d = -8. Let t(q) = q**2. What is t(n)?
9
Suppose -7*i + 204 = -9*i. Let b = -58 - i. Let m = b + -44. Let p(l) = l**2. Calculate p(m).
0
Let w(o) = o**2 - 52*o - 423 + 411 + 6